ird derivative of w(k). Give l(h).
-4
Let t(s) = s + 1. Let i(l) be the second derivative of l**4/12 - 5*l**3/6 + l**2/2 + l. Suppose 3*v - 15 = -0*v. Let r be i(v). Give t(r).
2
Let l(v) be the third derivative of v**4/24 - v**3/6 + 2*v**2. What is l(-4)?
-5
Let n(m) = -1. Let x(z) = 2*z - 14. Let y(g) = 8*n(g) - x(g). Give y(4).
-2
Let f(o) be the third derivative of -o**4/24 - 11*o**3/6 + 2*o**2. Let q be f(-7). Let z(i) = 2*i**2 + 6*i + 4. Calculate z(q).
12
Suppose -1 = 2*c + 2*c + 5*n, 0 = -3*c - 4*n - 2. Let a(s) = -s**2 - s. Let w(q) = -q**3 - q**2 - 4. Let v(z) = -6*a(z) + w(z). What is v(c)?
-4
Let r(w) = 2*w. Suppose -13 = 4*q + 7. What is r(q)?
-10
Let z be -1 - (-2 + 1)*0. Let k be 2/((3 - 2)/(-1)). Let f(p) = -8*p - 7. Let b(i) = -3*i - 2. Let o(r) = k*f(r) + 7*b(r). Calculate o(z).
5
Let k(p) = -2*p**2 + 3*p**2 + 5 + 2*p**3 + 8 - 3*p**3. Calculate k(0).
13
Let r(t) be the second derivative of t**5/20 + 7*t**4/12 + t**3 + 3*t**2/2 - 4*t. Give r(-6).
3
Let q = -13 + 17. Let c(a) = a**3 - 3*a**2 - 5*a + 6. Let s be c(q). Let t(d) = d**3 - 4*d**2 + 3*d - 1. Calculate t(s).
-3
Let c(q) = 12*q - 10. Let a(h) = h - 1. Let g be (-12)/4*(-20)/(-6). Let b(u) = g*a(u) + c(u). Let r(w) = w**3 + w**2 - 4*w + 1. Let o be r(-3). What is b(o)?
-10
Let u(x) = x**3 + 4*x**2 + 4*x + 2. Let z be (-4)/(-14) + 230/(-70). Give u(z).
-1
Suppose 0 = -3*k + 4*s - 22, k - 3*k + 3*s - 16 = 0. Let j(w) be the second derivative of 0*w**2 + 0 - 1/3*w**4 - 1/2*w**3 + w. What is j(k)?
-10
Suppose z - 27 = 5*s - 0*s, -4*z - 3*s = 7. Let g(r) = 3*r - 1 + 2 + 0. Determine g(z).
7
Let y(i) = i**2 - 3*i - 7. Let b be y(5). Suppose -f + 0 + b = 0. Suppose 5*g = 3*a - f, a - 2*g - 2 = -0*g. Let s(k) = k**3 + 4*k**2 - k - 4. What is s(a)?
0
Let x be ((-24)/20)/((-6)/20). Let v(w) = -4*w - x + 2*w + 3*w. Give v(4).
0
Let w(v) = 4*v + 2. Let u(n) be the second derivative of n**4/12 - 4*n**3/3 - 7*n**2/2 - n. Let q be u(9). Let s be (0 - 3) + -1 + q. Calculate w(s).
-6
Let m(w) = 3*w**2 + 3*w - 1. Let p(j) = -5*j**2 - 6*j + 3. Let d(h) = -7*m(h) - 4*p(h). Suppose -4*g - g - 2*s + 14 = 0, -5*g - 3*s + 11 = 0. What is d(g)?
-9
Let y = -7 - -11. Let l(s) = 26*s**2 - 3*s + 2 - 3*s - 24*s**2. Calculate l(y).
10
Let v(h) = h**2 + 3*h + 1. Let d be v(-4). Suppose -d*w + 2*w = 3. Let a(s) = -3*s + 1. Let k(x) = -x. Let t(n) = w*a(n) - k(n). Calculate t(2).
7
Let f = 183 + -177. Let l(o) = -o + 8. Calculate l(f).
2
Suppose 8 = -2*f - 4*w - 10, -18 = 2*f - w. Let d(r) = -r**3 - 9*r**2 + 2*r + 11. Calculate d(f).
-7
Let v(u) = 1 + 4 - u + 0. Let h be ((17 + -2)/3)/(-1). Let n(z) = 4. Let a(w) = h*n(w) + 4*v(w). What is a(-1)?
4
Let u = 1 - 0. Suppose -21 = -4*x - u. Let k(z) = -z. Let a(y) = 5*y - 10. Let d(q) = -a(q) - 4*k(q). Determine d(x).
5
Let w(p) be the third derivative of p**9/60480 + p**8/2880 + p**7/720 + p**6/120 + p**5/12 + 2*p**2. Let d(m) be the third derivative of w(m). What is d(-6)?
0
Let n(o) = o**3 - 6*o**2 - 2*o + 4. Suppose 12 = 3*u - 6. Give n(u).
-8
Let k(h) = h + 2. Let a = 1 - 1. Suppose -p + 0*p + 4 = a. Let v = p - -1. What is k(v)?
7
Suppose -2*t = 0, -g - 33 = 2*g + 5*t. Let a(m) = m + 2. Let l(p) = 2*p + 4. Let c(q) = g*a(q) + 6*l(q). Calculate c(6).
8
Let w(b) = b - b - b + 0. Let j = 4 + -4. Suppose i + 2*i - 6 = j. What is w(i)?
-2
Let h(q) be the first derivative of 0*q + 1/60*q**5 - 3 + 0*q**2 - 1/3*q**3 - 5/24*q**4. Let x(a) be the third derivative of h(a). Give x(4).
3
Let h(v) be the second derivative of -1/20*v**5 + 7/2*v**2 + 0 + 1/2*v**4 - 5/6*v**3 + 2*v. Suppose 0 = -5*q - 3*b + 25, -20 = -3*q - q + b. Calculate h(q).
7
Let g = 1 + 1. Let p(d) = 7 + d - d**g - 4*d + 5*d. Suppose -5*j - 3 = -28. Calculate p(j).
-8
Let n(q) be the third derivative of -q**6/120 - q**5/15 + q**4/4 - q**3/6 - q**2. Let a be 0 + (-3 + 2 - -4). Let z = -8 + a. What is n(z)?
-6
Let o be 4*2/4*(-9)/18. Let t(x) = -7*x**2 + x + 1. Determine t(o).
-7
Let h = -6 - -4. Let f(c) be the second derivative of -1/3*c**3 + 0 - 1/10*c**5 - 4*c - 1/4*c**4 - 3/2*c**2. Determine f(h).
5
Let s(k) = -4*k - 1. Let d be s(-4). Suppose 2*b = -3*b + d. Suppose -13 + b = 2*l. Let w(u) = -u**3 - 4*u**2 + 6*u + 4. What is w(l)?
-1
Let i(q) = 3*q**3 + 13*q**2 + 15*q + 8. Let j(p) = p**3 + 4*p**2 + 5*p + 3. Let k(u) = 3*i(u) - 8*j(u). Calculate k(-6).
6
Let i(t) = t**3 - 6*t**2 + 3*t + 3. Suppose 2*k + 2*k + 5*v = 35, 4*k - 8 = 4*v. Give i(k).
-7
Suppose -3*t - 4*w = 12, -t + 2*w + 12 = -2*w. Let z(y) = -y**3 + y + 3. Determine z(t).
3
Let a = 1 - 3. Let h(j) be the first derivative of -2*j**2 + j - 47. Determine h(a).
9
Let n be -4*((-36)/(-16))/3. Let y(i) be the second derivative of -i**5/20 - i**4/4 + i**3/3 - i**2 - 2*i. Calculate y(n).
-8
Suppose 2*o - 10 = -b, 0 = 2*o - 0*o - 4*b + 10. Let r(t) = 1 + t - 3*t**2 + t**3 - 2*t - o*t. What is r(4)?
1
Suppose g + 6*o - 2*o = 2, -5*o = 4*g - 19. Let m(p) = p**3 + 3*p**2 + 7*p - 1. Let k(s) = 6*s**3 + 14*s**2 + 35*s - 4. Let u(q) = -2*k(q) + 11*m(q). Give u(g).
3
Suppose 7 = 2*n - n. Suppose 0 = 4*f + n - 3. Let i(w) = w**3 - w**2 - w - 1. Calculate i(f).
-2
Let n(r) be the second derivative of -r**3/3 - r**2/2 - 11*r. Calculate n(-3).
5
Let t = -43 - -38. Let r(q) = -q. Calculate r(t).
5
Let j be -1*(-4 - (2 - 1)). Let d(l) = 2*l + 6. Let o(i) = -i - 3. Let s(w) = j*o(w) + 3*d(w). Calculate s(-4).
-1
Let c(l) = -3*l**2 + 7*l - 7. Let s(u) = -5*u**2 + 13*u - 13. Let x(y) = -7*c(y) + 4*s(y). Suppose 22 = -4*h + 2. Determine x(h).
7
Let m(t) = -7*t**3 + 12*t**2 - 5*t - 11. Let x(y) = -8*y**3 + 13*y**2 - 6*y - 12. Let k(j) = -7*m(j) + 6*x(j). Calculate k(6).
-1
Let s(w) = -w - 2. Suppose 2*n + 11 = 5*u - 27, 2*u + 2*n - 18 = 0. Suppose -t = q - 3, 4*q + 5*t - u = 7. Give s(q).
-2
Let h(m) = -m**2 + 7*m - 1. Let x be (-55)/(-6) - (-2)/(-12). Let r = -3 + x. Give h(r).
5
Let x be 2 - -1*3/1. Suppose 2*o - 9 = x*p, -4*o - p + 8 = 1. Let b(j) = 8*j - 3. Give b(o).
13
Suppose 0 = 4*i - 20, 3*i - 5 = 4*u + 2. Let d(k) = k - 1. What is d(u)?
1
Suppose 15*s - 4*s = 0. Let y(l) = -l - 1. Determine y(s).
-1
Let q(o) = o**3 + 5*o**2 - 10. Let v be q(-4). Let i(x) be the third derivative of x**5/60 - x**4/6 - 4*x**3/3 - x**2. What is i(v)?
4
Let x(q) = -1. Let h(n) = -n - 1. Let j(a) = h(a) + 4*x(a). Calculate j(0).
-5
Let f(z) = -5*z**2 + z + 2. Let u = 53 - 51. Determine f(u).
-16
Let i(t) = 5*t**2 + 3*t. Let g(k) = -k**2 - 3*k + 2. Let x be g(1). Calculate i(x).
14
Let x(m) = -m**3 + 3*m**2 - m + 1. Let u(f) = 2*f. Let n be u(-1). Let w(b) = -6*b**3 + 15*b**2 - 5*b + 6. Let s(r) = n*w(r) + 11*x(r). Give s(-2).
5
Let g(x) = 15*x**3 + x - 1. Suppose 27*w - 25*w - 2 = 0. Determine g(w).
15
Let g(m) = 3*m**3 - 2*m**2 - m - 1. Let p = -3 - -14. Let b = p - 9. Determine g(b).
13
Let c(o) = 3 - 5 - 2*o - 2 + 0. What is c(-3)?
2
Let j be 6/33 + 100/55. Let m(v) = 2 - 2*v**j + v**2 - v**2. Give m(2).
-6
Let q(x) = -4*x**2 - x. Let b(u) = -u**2 + 7*u + 1. Let c(f) = -f + 14. Let k be c(7). Let m be b(k). Determine q(m).
-5
Let c(s) = s**2 - 1. Let m(z) = z**2 - 6*z - 13. Let l(w) = w**2 - 5*w - 14. Let o(q) = 2*l(q) - 3*m(q). Let p be o(9). Calculate c(p).
3
Let v(q) = -3*q - 4 - 7*q + 7*q + 2*q. Determine v(3).
-7
Let v(d) = -d**2 - 3*d - 3. Let y(t) be the first derivative of -t**3/3 - t**2 - 3*t - 1. Let h(z) = -4*v(z) + 5*y(z). Determine h(2).
-3
Let g(o) = 3*o + 5. Let v(c) be the second derivative of -c**3/6 - 7*c**2 + 5*c. Let r(t) = -10*t**2 + t + 1. Let z be r(-1). Let q be v(z). What is g(q)?
-7
Let l(u) = -u**2 - 7*u - 7*u + 7*u + 5. Determine l(-8).
-3
Let x(t) = -t**3 - 6*t**2 - t - 8. Suppose 0*w = -a + 3*w + 3, -3*w + 15 = -4*a. What is x(a)?
-2
Suppose 5*v + 5 = -0*v. Let h(z) = 6*z**2 + 2*z + 1. What is h(v)?
5
Let p(o) = 2*o - 7. Let v(r) = 5*r - 15. Let d(m) = -9*p(m) + 4*v(m). Calculate d(-2).
-1
Let m(l) = -l**3 + 7*l**2 - 7*l - 1. Suppose 5*k = -4*z + 45, 6*k - 2*k + 5*z = 45. Calculate m(k).
14
Let b(q) be the third derivative of -1/30*q**5 + 0 + 3*q**2 + 5/24*q**4 - q**3 + 0*q. What is b(4)?
-18
Suppose 0 = 2*r + m + 18, 0*r = 5*r + 5*m + 35. Let b = 11 + r. Let n(i) be the third derivative of i**4/24 - i**3 - i**2. Determine n(b).
-6
Let y(g) = -51*g + 0*g**2 - 2 + 47*g - g**2. What is y(-4)?
-2
Let a(k) = k**3 + 2*k**2 + 3*k - 3. L